(q) = 2*q**3 + 3*q**2 + 4*q + 3. Let u(c) = -n(c) + s(c). Give u(o).
-1
Suppose 17 = 5*s + 52. Let l(c) = c**2 + 8*c - 4. Determine l(s).
-11
Let y(k) = 13*k**2 + 8*k + 40. Let z(v) = -16*v**2 - 8*v - 49. Let c(b) = 5*y(b) + 4*z(b). Suppose 18 = 4*s - 7*s. Calculate c(s).
-8
Let z(f) = -2*f - 16. Let m = 128 + -135. Give z(m).
-2
Let l = 287 + -281. Suppose 0*c - c = -1. Let r(u) = -2 - 2*u - 4*u + u**2 + c. Determine r(l).
-1
Let d = -11 - -12. Let x(q) = 10*q**3 - q**2 - q + 1. What is x(d)?
9
Let n(s) be the third derivative of 0*s**3 - 1/24*s**4 + 0*s + 2*s**2 + 0. What is n(-6)?
6
Let b(h) = -2*h**2 - 1. Suppose 0 = 3*s - s + 4*a + 118, 4*s + 206 = -2*a. Let v = -50 - s. Give b(v).
-3
Let k(v) = v**2 - 2*v - 6. Let l be k(7). Suppose -l = -2*x - 31. Let o(a) = -7*a - 8. Let p(w) = -6*w - 7. Let m(j) = 5*o(j) - 6*p(j). What is m(x)?
1
Let d(o) = 5*o - 11*o + 4*o + 4 + 0 - 13*o. Determine d(-2).
34
Let r = -15249 - -15253. Suppose 0 = i - 4 + 2. Let s(x) = 0*x**2 + x - x**3 - 6*x + i + 5*x**2. Determine s(r).
-2
Let c = 36 + -51. Let v be (54/c)/(2/(-5)). Let u(t) be the second derivative of t**5/20 - 2*t**4/3 - 5*t**3/3 + 5*t**2/2 + 2*t. What is u(v)?
-4
Let u(h) = -2*h**3 + 6*h**2 - 4*h - 1. Suppose 0 = -6*s + s - 15. Let p(g) = 5*g**3 - 12*g**2 + 9*g + 3. Let k(c) = s*p(c) - 7*u(c). Give k(-6).
-8
Let l(n) = 15*n - 55 - 46*n + 15*n + 19*n. Determine l(17).
-4
Let o(t) be the second derivative of -8*t**2 - 1/6*t**3 + 10*t + 0. Determine o(0).
-16
Let p(z) = -z**2 + 2*z + 3. Suppose -2*k - 8 = -s, -11*s + 15*s + 2*k - 12 = 0. Calculate p(s).
-5
Let l(q) = -27*q**2 + 48*q**2 - 27*q**2 + q**3 - 5. Let b = -8 - -13. Calculate l(b).
-30
Suppose 0 = -3*a - y - 3*y - 19, 0 = -2*a + 3*y - 7. Suppose 3*n = 5*n - 8. Let w(l) = 0*l + l - n*l - 6 + 2*l. Determine w(a).
-1
Let f(z) = 0 + 99*z**2 + 3 - 98*z**2 - 8*z. Suppose -21 - 19 = -5*v. Calculate f(v).
3
Let r(q) = 5*q - 3. Let c(i) = 7*i - 4. Let a(z) = 3*c(z) - 4*r(z). Calculate a(2).
2
Suppose -18*b - 26*b = -308. Let c(z) = -z + 7 + 7 + 0*z. Calculate c(b).
7
Let n(x) = x + 6 - 6 - 17*x**2 + 1 - 2*x. Determine n(1).
-17
Let t(j) = j + 11. Let o be t(-12). Let x be 0 + o + (-6)/(-2). Let b(s) = x*s**3 - s**3 + 12 + 4*s**2 - 3*s - 6. What is b(-5)?
-4
Let q(i) = i**2 - 4*i + 6. Let z be q(4). Let w(m) = m**3 - 7*m**2 + 2*m. Calculate w(z).
-24
Let m(x) be the third derivative of -x**5/60 + x**4/12 + x**3/2 + 40*x**2 - 1. Calculate m(-5).
-32
Let g(k) be the third derivative of k**7/5040 + 4*k**5/15 - 16*k**2. Let b(c) be the third derivative of g(c). Calculate b(0).
0
Let c(t) = -t + 9. Let h(y) = 1. Let k(a) = -c(a) + 4*h(a). Let w be k(9). Let q(o) = o**3 - 5*o**2 + o + 5. Calculate q(w).
-7
Let t(n) be the third derivative of 1/3*n**3 + 1/60*n**6 - 1/20*n**5 + 0 - 2*n**2 + 0*n + 1/24*n**4. Suppose 16*f - 12 = 13*f, -v + 4*f - 14 = 0. What is t(v)?
8
Suppose 3*a = 5*t + 43, t - 83 = -5*a - 2*t. Let o be a/(-64) - 58/(-8). Let y(l) = -l**3 + 6*l**2 + 8*l + 2. Calculate y(o).
9
Let p(b) = -b**2 + 6. Let m be 1/1*0/(-1 + 0). Let k(v) = 2*v**3 + v**2 - 6. Let y be k(m). What is p(y)?
-30
Suppose 0 = t + t. Let a(o) = 387*o - 12 + 5 - o**2 - 386*o. What is a(t)?
-7
Let o(n) = -n + 4. Let x(y) be the second derivative of y**5/20 - 5*y**4/4 + 13*y**3/6 + 7*y**2 - 12*y. Let u be x(14). Give o(u).
4
Let i(w) = 2*w**2 - 15*w + 55. Let a(g) = g**2 - 8*g + 25. Let y(x) = -7*a(x) + 3*i(x). Give y(11).
-10
Let k(y) = 14*y - 1 + 21*y + 16*y - 63*y + 24*y. What is k(-4)?
-49
Let z(l) = -7*l + 28. Let o be z(4). Let y(k) be the first derivative of o*k**3 + k**2 + k + 1 - 5/4*k**4. Calculate y(-1).
4
Let w(c) = -c**3 - 8*c**2 - 8*c - 3. Let h be -2 + -2 + -1 + -2. Let t be w(h). Let s(z) = z**2 + z + z + z**2 + 5*z**3 + 3 - t*z**3. Give s(-3).
-12
Let s(w) = -5*w**2 - w**3 - 2*w**2 - w**2 - 2*w - 11. Suppose 0 = -10*h + 6 + 14. Suppose -h*n = y + 4 - 0, 10 = 5*n. Determine s(y).
5
Let q(x) = x**3 - 6*x**2 + 7. Let m = 605 - 599. Give q(m).
7
Let d(h) = 5*h - 1. Let q = -40 - -42. Suppose -4*i + q*i + 12 = -2*m, 2*i = -2*m + 8. Calculate d(m).
-6
Let i = 1376 - 1374. Let c(h) = -h**3 - h**2 + h + 1. What is c(i)?
-9
Let w(j) = 3 - 5 - 3*j - j**3 + 3*j. Give w(-2).
6
Let a be (-4)/(-14) - (-96)/56. Let o(v) be the third derivative of -v**6/360 + v**5/30 - v**3/3 - v**2. Let h(c) be the first derivative of o(c). Give h(a).
4
Let n be (-1)/(2/(-10))*1. Let z(b) = 8*b**2 - b**3 - b + 6*b + 6*b**2 - 9*b**2 - 1 - b. Give z(n).
19
Let o(j) = -j**2 + j. Let w = 103 + -118. Let m(h) = -4*h - 60. Let d be m(w). Give o(d).
0
Let t(g) = -g**2 + 5*g + 1. Let p(d) = -241*d**2 - d**3 + 246*d**2 + 1 + 2*d**3 + 4. Let u be p(-5). Give t(u).
1
Let d = 46 - 44. Let u(j) = -9*j**d + 5*j**2 + j + 5*j**2 - 1. Calculate u(-2).
1
Let v = 6 - 10. Let n(r) = 309 + 2*r - 310 + r. Calculate n(v).
-13
Let h(k) be the first derivative of -k**2 + k + 1. Suppose 23*d - 18*d = -220. Let b be 1/(-3) - d/(-12). Determine h(b).
9
Let n(a) = 2*a**3 + 5*a**3 - 23 - 10*a**2 + 12*a - 2*a**3 - 4*a**3 - a**2. What is n(10)?
-3
Let k(y) be the second derivative of -y**3/6 + 17*y**2/2 + 83*y. Calculate k(0).
17
Let f(k) = -k**3 - 6*k**2 - 5*k - 1. Let l be 24/(-12) + (0 - 3). Determine f(l).
-1
Let g(c) = -2*c - 3. Let n be g(-3). Let o(f) = 4*f - n*f - 4*f + 0*f. Give o(6).
-18
Let m(r) = r**2 - 1. Let b(s) = -s**3 - 15*s**2 + 17*s - 6. Let j be b(-16). Let a be ((-10)/6 - -1) + j/(-6). Determine m(a).
8
Suppose -3*t = 3 + 3, 4*l + 10 = -5*t. Let z(x) = -x**3 + x**2 + x + 7. Calculate z(l).
7
Let b(i) = -i**3 + 9*i**2 - 2*i + 18. Suppose -6 = -p + 3*l, 48*l = 3*p + 49*l - 28. Give b(p).
0
Let p(n) = -434*n**2 + 5*n + 217*n**2 + 206*n**2 + 46*n**3 - 11. Let a(u) = 9*u**3 - 2*u**2 + u - 2. Let h(t) = -11*a(t) + 2*p(t). Calculate h(-1).
8
Let o(i) = 6*i**2 + i - 20. Let q(z) = z**2 + z - 2. Let v(w) = -o(w) + 5*q(w). Calculate v(-3).
-11
Let t be (-6)/4*(16 - 18). Let g(l) = 4*l + 8 + 2*l**2 - 6*l**2 + t*l**2. Determine g(6).
-4
Let z be 8/(-20)*(0 + -5). Suppose 4*h = -4*t + 52, -z*t = 2*t - 20. Let f(x) = 2*x - 12. Determine f(h).
4
Let m(s) be the second derivative of 2*s**3/3 + 2*s**2 + 32*s. Calculate m(6).
28
Let z(x) be the second derivative of x**3/3 + 3*x**2/2 + 60*x. Let h(r) = -r**3 + 5*r**2 - 5*r + 3. Let g be h(3). What is z(g)?
15
Let n(q) = 5 + 1 + 0 - 9 + 2 + 27*q**2 + q. Give n(1).
27
Let f = -72 - -76. Let g(d) = 2*d + 4. Let b(j) = j + 2. Let l(w) = f*g(w) - 9*b(w). Give l(-4).
2
Let y = 104 - 97. Let q(r) = r**3 - 6*r**2 - 6*r - 8. What is q(y)?
-1
Let a = 56 + -56. Suppose 5*j + 52 + a = -4*s, -4*j - 13 = s. Let v(m) = m**3 + 13*m**2 + 2. Determine v(s).
2
Let o(j) = -j - 1. Suppose -8*y - 9 = 47. Determine o(y).
6
Let c(j) = -j. Let v(x) = -x**2 - x + 1. Let g(k) = -4*c(k) - v(k). Let d be 1*(308/693 - (-134)/(-18)). Determine g(d).
13
Let j(w) = w**2 - 7*w + 6. Let s be j(5). Let t(a) = a**3 - 8*a**2 - 2*a - 4. Let r(d) = -2*d**3 + 9*d**2 + 3. Let i(v) = 2*r(v) + 3*t(v). Give i(s).
-14
Let s(v) = 2 + 1 + 1 - 2*v + 2. Let c(i) = -3*i + 5. Let q(x) = 5*c(x) - 4*s(x). What is q(-2)?
15
Let h(i) be the third derivative of i**6/120 + i**5/15 + i**4/24 + i**3/3 - 268*i**2. Calculate h(-4).
-2
Let u(h) = -2 + h + 0 - 4*h - 13*h. Let o(q) = -3*q - 1. Let i(w) = -10*o(w) + 2*u(w). Let y = -4 + 8. Give i(y).
-2
Let b(c) = 8*c + 9 + c**2 - 21 + 23. Give b(-8).
11
Let n = 65 - 88. Let x = 25 + n. Let u(l) = 3*l**2 + 8*l - 6. Let t(m) = -m**2 - 4*m + 3. Let b(s) = 5*t(s) + 2*u(s). What is b(x)?
-1
Let q = 36 - 25. Let o(m) = -m + 7. Let f be o(q). Let r be -2 - ((0 - f) + -2). Let c(l) = l**3 + 5*l**2 + 4*l + 1. What is c(r)?
1
Let f(n) = -7*n. Let d be ((-9)/6)/(2/(-4)). Let h(a) = 4*a. Let i(k) = d*f(k) + 5*h(k). Calculate i(-7).
7
Let x = 10 + -15. Let u = -3 - x. Let s be 14*(-3)/(-12)*u. Let v(d) = -d + 3. Calculate v(s).
-4
Let i(r) be the third derivative of 1/20*r**5 + 0 - 1/120*r**6 + 0*r**4 + 0*r + 17*r**2 - 1/2*r**3. Suppose w + h - 6 = 2*h, 0 = 4*w + 5*h + 3. Calculate i(w).
-3
Let f(i) be the third derivative of -i**5/60 - 5*i**4/24 + i**3/3 - 430*i**2. What is f(-3)?
8
Let g(j) = -j + 7. Let h(y) be the first derivative of -y + 0*y**2 + 2/3*y**3 + y**4 + 5. Let k be h(1). Calculate g(k).
2
Let g(l) = 5*l**3 + l**2 + 8*l + 3. Let